.
344
Let j(r) = -19*r**2 + 15825*r + 79144. What is j(-5)?
-456
Let d(l) = -9964*l - 69539. Determine d(-7).
209
Let j(c) = -c**2 + 228*c - 12820. Determine j(122).
112
Let p(m) = -m**3 - 234*m**2 - 3284*m + 416. Give p(-219).
197
Let u(f) = -2*f**3 - 173*f**2 - 24*f - 65. Determine u(0).
-65
Let d(t) = -34*t**2 - 330*t + 3. Determine d(-10).
-97
Let f(h) = -2*h**3 + 3105*h**2 - 122451*h - 31759. Give f(1512).
-7
Let f(u) = 232*u**3 + 50812*u**2 + 862*u - 3073. Determine f(-219).
-7
Let c(f) = 12*f**2 - 724*f + 720. Give c(1).
8
Let n(y) = -y**3 + 38*y**2 - 356*y - 22. Give n(21).
-1
Let n(l) = -2*l**2 - 1682*l - 31413. Determine n(-19).
-177
Let r(x) = 1273*x**2 - 580489*x + 451. Calculate r(456).
-5
Let c(l) = 39*l**3 + 25386*l**2 - 1945*l + 5208. What is c(-651)?
0
Let r(y) = -3*y**2 + 2784*y - 13836. Determine r(923).
9
Let x(w) = -6*w**3 + 897*w**2 + 2276*w + 50. Determine x(152).
-558
Let w(k) = -1639574*k + 29512334. Determine w(18).
2
Let q(n) = -1346*n - 112897. What is q(-84)?
167
Let d(y) = -y**3 - 285*y**2 + 134*y + 38990. Give d(-285).
800
Let j(k) = 4*k**2 - 196*k + 416. Determine j(3).
-136
Let v(z) = z**2 - 30964*z - 929821. Determine v(-30).
-1
Let g(v) = 2*v**3 + 2147*v**2 - 9521*v + 195120. What is g(-1078)?
2
Let t(x) = -882*x**2 - 26404*x + 1666. Calculate t(-30).
-14
Let r(d) = -3*d**2 - 31095*d - 248696. Give r(-8).
-128
Let l(w) = -2550664*w + 51013275. Determine l(20).
-5
Let f(k) = 2*k**3 - 181*k**2 - 468*k + 290. What is f(93)?
11
Let c(m) = -4*m**3 - 2933*m**2 - 733*m - 106. Give c(-733).
-106
Let i(c) = 10*c**3 + 224*c**2 + 85*c - 79. Calculate i(-22).
-13
Let x(j) = -705*j - 247468. Calculate x(-351).
-13
Let l(q) = -73*q**3 - 1176*q**2 - 131*q - 61. Give l(-16).
-13
Let z(q) = 1317*q + 11869. Calculate z(-9).
16
Let l(w) = -796*w**2 - 11943*w - 12. Calculate l(-15).
33
Let h(i) = 12*i**2 - 374*i - 2599. Calculate h(36).
-511
Let q(u) = -53*u**2 - 1576*u + 17. Determine q(-30).
-403
Let d(u) = u**2 - 7*u - 2256. Calculate d(-44).
-12
Let q(j) = 161*j**2 - 561*j - 565. Give q(-1).
157
Let o(j) = -59829*j - 358292. Calculate o(-6).
682
Let f(a) = -5*a**2 - 3535*a - 306030. Determine f(-606).
0
Let c(m) = -5*m**2 + 9*m - 188. Calculate c(-17).
-1786
Let k(x) = -329*x**3 - 4110*x**2 - 1944*x + 7. What is k(-12)?
7
Let d(u) = -2*u**2 - 3731*u - 37591. Give d(-10).
-481
Let l(a) = -a**2 - 356492*a + 4634571. Calculate l(13).
6
Let z(f) = 13*f**3 + 61*f**2 - 75*f + 14. Calculate z(1).
13
Let r(o) = o**3 - 490*o**2 - 1981*o + 2585. Give r(494).
115
Let p(i) = 326*i - 22943. Determine p(72).
529
Let t(b) = b**3 - 352*b**2 - 151*b - 197178. What is t(354)?
0
Let b(h) = 27*h**2 - 107*h - 2558. Calculate b(12).
46
Let y(x) = 15433*x - 30328. Calculate y(2).
538
Let d(v) = 2*v**3 - 81*v**2 - 344*v - 222. Determine d(44).
-1806
Let p(f) = 3*f**3 - 291*f**2 + 1372*f + 739. What is p(92)?
3
Let g(v) = -2*v**3 - 13*v**2 + 405*v - 101. Determine g(-18).
61
Let x(k) = k**3 - 139*k**2 - 2777*k - 4757. Calculate x(-16).
-5
Let m(s) = s**3 - 693*s**2 + 5029*s - 155715. Give m(686).
7
Let n(w) = 628*w + 225123. Determine n(-359).
-329
Let a(z) = 6187*z + 247433. What is a(-40)?
-47
Let p(u) = -16*u**2 - 943*u + 554. What is p(-59)?
495
Let l(z) = -12560*z - 1004789. What is l(-80)?
11
Let x(l) = -9*l**3 - 891*l**2 + 1825*l + 516. Calculate x(-101).
-191
Let j(g) = 3*g**3 + 86*g**2 - 125*g - 112. Calculate j(2).
6
Let i(d) = -d**2 - 2299*d - 64761. Give i(-28).
-1173
Let b(h) = 90289*h + 2528109. Determine b(-28).
17
Let k(g) = 3358*g - 60463. What is k(18)?
-19
Let m(k) = 20579*k + 205796. Give m(-10).
6
Let h(l) = 5*l**3 + 16*l**2 - 95*l - 46. Give h(5).
504
Let h(m) = 221*m + 36227. Calculate h(-164).
-17
Let s(v) = -8*v**2 + 1293. What is s(18)?
-1299
Let m(v) = 10*v**2 + 250*v - 1134. Calculate m(-29).
26
Let i(a) = a**3 + 625*a**2 + 1420*a + 356. Give i(-2).
8
Let g(o) = 18*o**2 - 589*o + 4119. Calculate g(7).
878
Let p(f) = f**3 + 5*f**2 - 4967*f - 34714. Give p(-7).
-43
Let v(d) = d**2 - 206631*d - 1446461. Give v(-7).
5
Let s(n) = 33*n**3 + 724*n**2 - 39*n - 30. Give s(-22).
-140
Let q(u) = -u**2 - 3031*u - 2146602. Give q(-1128).
-18
Let l(r) = r**3 + 14*r**2 - 76*r - 869. Determine l(-12).
331
Let v(k) = -1811*k - 220984. Determine v(-122).
-42
Let d(t) = 618*t**2 + 17238*t - 1853. Determine d(-28).
-5
Let s(o) = 4808*o + 52893. Give s(-11).
5
Let n(r) = -r**3 - 49*r**2 - 270*r - 543. What is n(-43)?
-27
Let g(n) = 43*n**3 + 126*n**2 + 517*n + 1501. Give g(-3).
-77
Let t(m) = 3284*m + 162088. Give t(-49).
1172
Let g(p) = 2118*p - 15348. Calculate g(7).
-522
Let q(j) = -87*j - 5313. Determine q(-65).
342
Let j(x) = 465*x**2 + 51161*x + 1201. What is j(-110)?
-9
Let v(j) = -1665753*j - 94947927. Determine v(-57).
-6
Let v(c) = -c**3 + 2*c**2 + 274*c - 219. Determine v(18).
-471
Let a(g) = -74012*g - 147966. Give a(-2).
58
Let n(x) = -207*x**2 - 37260*x - 30. What is n(-180)?
-30
Let k(i) = -30*i**2 + 682*i + 1314. Calculate k(-2).
-170
Let o(l) = -11*l**3 - 2026*l**2 - 374*l - 1010. Calculate o(-184).
94
Let v(m) = 80*m + 12072. Calculate v(-151).
-8
Let g(u) = -6*u - 523. What is g(32)?
-715
Let n(o) = -18*o**2 + 899*o - 222. Determine n(50).
-272
Let j(d) = -6*d**2 + 237*d - 1504. Calculate j(31).
77
Let r(n) = -14*n**2 + 690*n + 3558. Calculate r(54).
-6
Let m(f) = 15*f**2 + 153*f + 83. What is m(0)?
83
Let m(q) = -224*q + 3811. Give m(17).
3
Let n(y) = -939429*y + 5636584. Give n(6).
10
Let u(p) = 128*p**2 + 18638*p + 11298. What is u(-145)?
-12
Let q(v) = 36694*v - 953984. Calculate q(26).
60
Let a(k) = -k**3 + 5*k**2 + 2384*k - 23336. Give a(10).
4
Let j(g) = -3*g**3 + 87*g**2 + 13*g - 962. What is j(30)?
-3272
Let i(t) = -29*t**2 + 49*t - 285. Give i(6).
-1035
Let t(u) = -1732*u + 50193. What is t(29)?
-35
Let q(s) = 584*s**2 + 1147*s + 5. What is q(-2)?
47
Let m(p) = -14*p**2 - 381*p - 1344. What is m(-4)?
-44
Let b(j) = 14185*j + 2510749. Give b(-177).
4
Let p(m) = 127*m**2 - 9*m + 203. Determine p(0).
203
Let d(o) = -4*o**2 - 621*o - 8352. Calculate d(-14).
-442
Let g(n) = 563*n - 53140. What is g(95)?
345
Let c(l) = 11*l**3 + 586*l**2 + 152*l - 157. Determine c(-53).
214
Let s(q) = q**3 + 3776*q**2 + 2865644*q - 4209. Determine s(-1052).
-1
Let f(i) = -2*i**3 - 37*i**2 - 30*i + 850. Determine f(4).
10
Let o(d) = -8*d**2 + 5045*d - 30127. Calculate o(6).
-145
Let u(y) = -1140*y + 12565. What is u(11)?
25
Let w(r) = r**2 - 28475*r + 28472. Calculate w(1).
-2
Let n(r) = 3*r**3 + 251*r**2 + 199*r + 23659. Determine n(-84).
-113
Let k(z) = -3*z**3 + 43*z**2 + 18*z - 443. Give k(14).
5
Let y(n) = -1131*n + 141372. What is y(125)?
-3
Let d(a) = -3*a**3 - 135*a**2 - 241*a + 744. Give d(-43).
13
Let q(d) = -3605*d**2 - 7163*d + 91. What is q(-2)?
-3
Let c(f) = 338*f**2 + 21625*f - 453. Determine c(-64).
-5
Let l(w) = 138*w + 22763. Calculate l(-152).
1787
Let t(z) = -z**3 - 299*z**2 - 2317*z - 28. What is t(-8)?
-116
Let n(y) = 4726*y + 5694826. Give n(-1205).
-4
Let s(a) = -530*a + 14839. Determine s(36).
-4241
Let m(p) = 76*p - 3123. What is m(34)?
-539
Let l(n) = -n**3 + 94*n**2 - 1744*n - 133. What is l(25)?
-608
Let y(a) = 3*a**3 + 14*a**2 - 104*a - 4. Give y(-9).
-121
Let a(o) = o**3 + 24*o**2 - 66*o - 411. What is a(-26)?
-47
Let o(p) = -4*p**2 - 306*p - 1705. Give o(-6).
-13
Let z(f) = 8821*f - 52922. What is z(6)?
4
Let r(o) = o**2 + o - 3185. What is r(-57)?
7
Let z(g) = -5508*g + 44068. Calculate z(8).
4
Let g(y) = 6*y**3 - 157*y**2 - 105*y + 3394. What is g(26)?
-12
Let o(d) = -3*d**2 - 533*d + 32770. Calculate o(-226).
0
Let l(k) = 2*k**3 - 107*k**2 - 161*k - 193. Determine l(55).
27
Let t(n) = 4582*n - 4436. Give t(1).
146
Let b(q) = -q**2 + 38*q + 712. What is b(55)?
-223
Let k(v) = 419012*v - 6704198. Give k(16).
-6
Let o(w) = w**3 + 178*w**2 - 176*w + 524. What is o(-179)?
-13
Let k(u) = u**3 - 112*u**2 + 328*u - 4. Determine k(109).
105
Let m(p) = p**2 + 23*p + 58. Calculate m(-25).
108
Let q(m) = -1312*m - 5573. Determine q(-3).
-1637
Let x(a) = a**3 + 22*a**2 - 3539*a + 2941. Give x(49).
1
Let x(h) = 10*h**3 + 79*h**2 + 269*h + 11. What is x(-4)?
-441
Let f(i) = -89968*i + 539849. Determine f(6).
41
Let a(s) = 2237*s**2 - 8953*s + 6. What is a(4)?
-14
Let g(x) = 865*x + 16932. What is g(-19)?
497
Let 